{"id":164,"date":"2024-04-05T01:18:36","date_gmt":"2024-04-04T23:18:36","guid":{"rendered":"https:\/\/kiatos-kraftfahrzeuge.de\/?page_id=164"},"modified":"2025-09-30T11:12:17","modified_gmt":"2025-09-30T09:12:17","slug":"impressum-datenschutz","status":"publish","type":"page","link":"https:\/\/kiatos-kraftfahrzeuge.de\/index.php\/impressum-datenschutz\/","title":{"rendered":"Impressum &#8211; Datenschutz"},"content":{"rendered":"\t\t<div data-elementor-type=\"wp-page\" data-elementor-id=\"164\" class=\"elementor elementor-164\" data-elementor-post-type=\"page\">\n\t\t\t\t<div class=\"elementor-element elementor-element-160af8b e-flex e-con-boxed e-con e-parent\" data-id=\"160af8b\" data-element_type=\"container\" data-e-type=\"container\">\n\t\t\t\t\t<div class=\"e-con-inner\">\n\t\t\t\t<div class=\"elementor-element elementor-element-3189f65 elementor-widget elementor-widget-spacer\" data-id=\"3189f65\" data-element_type=\"widget\" data-e-type=\"widget\" data-widget_type=\"spacer.default\">\n\t\t\t\t<div class=\"elementor-widget-container\">\n\t\t\t\t\t\t\t<div class=\"elementor-spacer\">\n\t\t\t<div class=\"elementor-spacer-inner\"><\/div>\n\t\t<\/div>\n\t\t\t\t\t\t<\/div>\n\t\t\t\t<\/div>\n\t\t\t\t<div class=\"elementor-element elementor-element-5883487 elementor-widget elementor-widget-heading\" data-id=\"5883487\" data-element_type=\"widget\" data-e-type=\"widget\" data-widget_type=\"heading.default\">\n\t\t\t\t<div class=\"elementor-widget-container\">\n\t\t\t\t\t<h2 class=\"elementor-heading-title elementor-size-default\">Impressum<\/h2>\t\t\t\t<\/div>\n\t\t\t\t<\/div>\n\t\t\t\t\t<\/div>\n\t\t\t\t<\/div>\n\t\t<div class=\"elementor-element elementor-element-43885bd e-flex e-con-boxed e-con e-parent\" data-id=\"43885bd\" data-element_type=\"container\" data-e-type=\"container\">\n\t\t\t\t\t<div class=\"e-con-inner\">\n\t\t\t\t<div class=\"elementor-element elementor-element-cfc8d6f elementor-widget elementor-widget-text-editor\" data-id=\"cfc8d6f\" data-element_type=\"widget\" data-e-type=\"widget\" data-widget_type=\"text-editor.default\">\n\t\t\t\t<div class=\"elementor-widget-container\">\n\t\t\t\t\t\t\t\t\t<p>Angaben gem\u00e4\u00df \u00a7 5 DDG:<\/p>\n<p><strong>Firmenname:<\/strong> Kiatos Kraftfahrzeuge<br><strong>Inhaber:<\/strong> Christos Kiatos<br><strong>Adresse:<\/strong> Hafenstra\u00dfe 93, 67547 Worms<br><strong>Telefon:<\/strong> +49 160 7568 084<br><strong>E-Mail:<\/strong> <a target=\"_new\">info@kiatos-kraftfahrzeuge.de<\/a><br><strong>Website:<\/strong> <a href=\"http:\/\/www.kiatos-kraftfahrzeuge.de\/\" target=\"_new\">www.kiatos-kraftfahrzeuge.de<\/a><\/p>\n<p><strong>Umsatzsteuer-Identifikationsnummer:<\/strong> DE 274531802<\/p>\n<p><strong>Verantwortlich f\u00fcr den Inhalt nach \u00a7 55 Abs. 2 RStV:<\/strong><br>Christos Kiatos<br>Adresse wie oben<\/p>\n<p><strong>Haftungsausschluss:<\/strong><br>Trotz sorgf\u00e4ltiger inhaltlicher Kontrolle \u00fcbernehmen wir keine Haftung f\u00fcr die Inhalte externer Links. F\u00fcr den Inhalt der verlinkten Seiten sind ausschlie\u00dflich deren Betreiber verantwortlich.<\/p>\n<p><strong>Urheberrecht:<\/strong><br>Die durch die Seitenbetreiber erstellten Inhalte und Werke auf diesen Seiten unterliegen dem deutschen Urheberrecht. Die Vervielf\u00e4ltigung, Bearbeitung, Verbreitung und jede Art der Verwertung au\u00dferhalb der Grenzen des Urheberrechts bed\u00fcrfen der schriftlichen Zustimmung des jeweiligen Autors bzw. Erstellers.<\/p>\t\t\t\t\t\t\t\t<\/div>\n\t\t\t\t<\/div>\n\t\t\t\t\t<\/div>\n\t\t\t\t<\/div>\n\t\t<div class=\"elementor-element elementor-element-b7b2ea6 e-flex e-con-boxed e-con e-parent\" data-id=\"b7b2ea6\" data-element_type=\"container\" data-e-type=\"container\">\n\t\t\t\t\t<div class=\"e-con-inner\">\n\t\t\t\t<div class=\"elementor-element elementor-element-12e4cdd elementor-widget elementor-widget-heading\" data-id=\"12e4cdd\" data-element_type=\"widget\" data-e-type=\"widget\" data-widget_type=\"heading.default\">\n\t\t\t\t<div class=\"elementor-widget-container\">\n\t\t\t\t\t<h2 class=\"elementor-heading-title elementor-size-default\">Datenschutz<\/h2>\t\t\t\t<\/div>\n\t\t\t\t<\/div>\n\t\t\t\t\t<\/div>\n\t\t\t\t<\/div>\n\t\t<div class=\"elementor-element elementor-element-daca4ef e-flex e-con-boxed e-con e-parent\" data-id=\"daca4ef\" data-element_type=\"container\" data-e-type=\"container\">\n\t\t\t\t\t<div class=\"e-con-inner\">\n\t\t\t\t<div class=\"elementor-element elementor-element-f219762 elementor-widget elementor-widget-text-editor\" data-id=\"f219762\" data-element_type=\"widget\" data-e-type=\"widget\" data-widget_type=\"text-editor.default\">\n\t\t\t\t<div class=\"elementor-widget-container\">\n\t\t\t\t\t\t\t\t\t<div class=\"elementor-element elementor-element-82da422 elementor-widget elementor-widget-heading\" data-id=\"82da422\" data-element_type=\"widget\" data-widget_type=\"heading.default\"><div class=\"elementor-widget-container\"><h2 class=\"elementor-heading-title elementor-size-default\">\u00a0<\/h2><\/div><\/div><div class=\"elementor-element elementor-element-a21f064 elementor-widget elementor-widget-text-editor\" data-id=\"a21f064\" data-element_type=\"widget\" data-widget_type=\"text-editor.default\"><div class=\"elementor-widget-container\"><ol><li>Allgemeine Hinweise und Pflichtinformationen<\/li><\/ol><p>Datenschutz Die Betreiber dieser Website nehmen den Schutz Ihrer pers\u00f6nlichen Daten sehr ernst. Wir behandeln Ihre personenbezogenen Daten vertraulich und entsprechend der gesetzlichen Datenschutzvorschriften sowie dieser Datenschutzerkl\u00e4rung.<\/p><p>Wenn Sie diese Website benutzen, werden verschiedene personenbezogene Daten erhoben. Personenbezogene Daten sind Daten, mit denen Sie pers\u00f6nlich identifiziert werden k\u00f6nnen. Die vorliegende Datenschutzerkl\u00e4rung erl\u00e4utert, welche Daten wir erheben und wof\u00fcr wir sie nutzen. Sie erl\u00e4utert auch, wie und zu welchem Zweck das geschieht.<\/p><p>Wir weisen darauf hin, dass die Daten\u00fcbertragung im Internet (z.B. bei der Kommunikation per E-Mail) Sicherheitsl\u00fccken aufweisen kann. Ein l\u00fcckenloser Schutz der Daten vor dem Zugriff durch Dritte ist nicht m\u00f6glich.<\/p><p>Hinweis zur verantwortlichen Stelle Die verantwortliche Stelle f\u00fcr die Datenverarbeitung auf dieser Website ist:<\/p><p>(Siehe oben Impressum)<\/p><p>Verantwortliche Stelle ist die nat\u00fcrliche oder juristische Person, die allein oder gemeinsam mit anderen \u00fcber die Zwecke und Mittel der Verarbeitung von personenbezogenen Daten (z.B. Namen, E-Mail-Adressen o. \u00c4.) entscheidet.<\/p><p>Widerruf Ihrer Einwilligung zur Datenverarbeitung Viele Datenverarbeitungsvorg\u00e4nge sind nur mit Ihrer ausdr\u00fccklichen Einwilligung m\u00f6glich. Sie k\u00f6nnen eine bereits erteilte Einwilligung jederzeit widerrufen. Dazu reicht eine formlose Mitteilung per E-Mail an uns. Die Rechtm\u00e4\u00dfigkeit der bis zum Widerruf erfolgten Datenverarbeitung bleibt vom Widerruf unber\u00fchrt.<\/p><ol start=\"2\"><li>Datenerfassung auf unserer Website<\/li><\/ol><p>Cookies Die Internetseiten verwenden teilweise so genannte Cookies. Cookies richten auf Ihrem Rechner keinen Schaden an und enthalten keine Viren. Cookies dienen dazu, unser Angebot nutzerfreundlicher, effektiver und sicherer zu machen. Cookies sind kleine Textdateien, die auf Ihrem Rechner abgelegt werden und die Ihr Browser speichert.<\/p><p>Die meisten der von uns verwendeten Cookies sind so genannte \u201eSession-Cookies\u201c. Sie werden nach Ende Ihres Besuchs automatisch gel\u00f6scht. Andere Cookies bleiben auf Ihrem Endger\u00e4t gespeichert, bis Sie diese l\u00f6schen. Diese Cookies erm\u00f6glichen es uns, Ihren Browser beim n\u00e4chsten Besuch wiederzuerkennen.<\/p><p>Sie k\u00f6nnen Ihren Browser so einstellen, dass Sie \u00fcber das Setzen von Cookies informiert werden und Cookies nur im Einzelfall erlauben, die Annahme von Cookies f\u00fcr bestimmte F\u00e4lle oder generell ausschlie\u00dfen sowie das automatische L\u00f6schen der Cookies beim Schlie\u00dfen des Browsers aktivieren. Bei der Deaktivierung von Cookies kann die Funktionalit\u00e4t dieser Website eingeschr\u00e4nkt sein.<\/p><p>Google Analytics Diese Website nutzt Funktionen des Webanalysedienstes Google Analytics. Anbieter ist die Google Inc., 1600 Amphitheatre Parkway, Mountain View, CA 94043, USA.<\/p><p>Google Analytics verwendet so genannte \u201eCookies\u201c. Das sind Textdateien, die auf Ihrem Computer gespeichert werden und die eine Analyse der Benutzung der Website durch Sie<\/p><p>erm\u00f6glichen. Die durch den Cookie erzeugten Informationen \u00fcber Ihre Benutzung dieser Website werden in der Regel an einen Server von Google in den USA \u00fcbertragen und dort gespeichert.<\/p><p>Die Speicherung von Google-Analytics-Cookies erfolgt auf Grundlage von Art. 6 Abs. 1 lit. f DSGVO. Der Websitebetreiber hat ein berechtigtes Interesse an der Analyse des Nutzerverhaltens, um sowohl sein Webangebot als auch seine Werbung zu optimieren<\/p><p>Anonymisierung<\/p><p>Wir haben auf dieser Website die Funktion IP-Anonymisierung aktiviert. Dadurch wird Ihre IP-Adresse von Google innerhalb von Mitgliedstaaten der Europ\u00e4ischen Union oder in anderen Vertragsstaaten des Abkommens \u00fcber den Europ\u00e4ischen Wirtschaftsraum vor der \u00dcbermittlung in die USA gek\u00fcrzt. Nur in Ausnahmef\u00e4llen wird die volle IP-Adresse an einen Server von Google in den USA \u00fcbertragen und dort gek\u00fcrzt. Im Auftrag des Betreibers dieser Website wird Google diese Informationen benutzen, um Ihre Nutzung der Website auszuwerten, um Reports \u00fcber die Websiteaktivit\u00e4ten zusammenzustellen und um weitere mit der Websitenutzung und der Internetnutzung verbundene Dienstleistungen gegen\u00fcber dem Websitebetreiber zu erbringen. Die im Rahmen von Google Analytics von Ihrem Browser \u00fcbermittelte IP-Adresse wird nicht mit anderen Daten von Google zusammengef\u00fchrt.<\/p><p>JotForm<\/p><p>Auf dieser Website nutzen wir JotForm f\u00fcr die Erstellung von Online-Formularen, die es Ihnen erm\u00f6glichen, mit uns in Kontakt zu treten oder bestimmte Dienstleistungen anzufordern. JotForm ist ein Dienst der JotForm Inc., 111 Pine St. Suite 1815, San Francisco, CA 94111, USA.<\/p><p>Wenn Sie ein Formular ausf\u00fcllen und absenden, werden die von Ihnen eingegebenen Daten (z.B. Name, E-Mail-Adresse, Nachricht) an JotForm \u00fcbermittelt und auf deren Servern gespeichert. Wir erhalten daraufhin eine Benachrichtigung mit den eingegebenen Daten und verarbeiten diese gem\u00e4\u00df unserer Datenschutzerkl\u00e4rung.<\/p><p>Die Nutzung von JotForm erfolgt auf Grundlage von Art. 6 Abs. 1 lit. f DSGVO. Der Websitebetreiber hat ein berechtigtes Interesse an einer effizienten und sicheren Bereitstellung von Kontakt- und Antragsformularen f\u00fcr die Nutzer. Sofern eine entsprechende Einwilligung abgefragt wurde (z.B. Einwilligung zur Speicherung von Daten), erfolgt die Verarbeitung ausschlie\u00dflich auf Grundlage von Art. 6 Abs. 1 lit. a DSGVO; die Einwilligung ist jederzeit widerrufbar.<\/p><p>Weitere Informationen zum Datenschutz bei JotForm finden Sie in der Datenschutzerkl\u00e4rung von JotForm unter:\u00a0<a href=\"https:\/\/www.jotform.com\/privacy\/\" target=\"_new\">https:\/\/www.jotform.com\/privacy\/<\/a><\/p><ol start=\"3\"><li>Ihre Rechte als betroffene Person<\/li><\/ol><p>Auskunftsrecht, Berichtigung, Sperrung, L\u00f6schung<\/p><p>Sie haben im Rahmen der geltenden gesetzlichen Bestimmungen jederzeit das Recht auf unentgeltliche Auskunft \u00fcber Ihre gespeicherten personenbezogenen Daten, deren Herkunft und Empf\u00e4nger und den Zweck der Datenverarbeitung und ggf. ein Recht auf Berichtigung, Sperrung oder L\u00f6schung dieser Daten. Hierzu sowie zu weiteren Fragen zum Thema personenbezogene Daten k\u00f6nnen Sie sich jederzeit unter der im Impressum angegebenen Adresse an uns wenden.<\/p><p>Beschwerderecht bei der zust\u00e4ndigen Aufsichtsbeh\u00f6rde<\/p><p>Im Falle von Verst\u00f6\u00dfen gegen die DSGVO steht den Betroffenen ein Beschwerderecht bei einer Aufsichtsbeh\u00f6rde, insbesondere in dem Mitgliedstaat ihres gew\u00f6hnlichen Aufenthalts, ihres Arbeitsplatzes oder des Orts des mutma\u00dflichen Versto\u00dfes, zu. Das Beschwerderecht besteht unbeschadet anderweitiger verwaltungsrechtlicher oder gerichtlicher Rechtsbehelfe.<\/p><p>Recht auf Daten\u00fcbertragbarkeit<\/p><p>Sie haben das Recht, Daten, die wir auf Grundlage Ihrer Einwilligung oder in Erf\u00fcllung eines Vertrags automatisiert verarbeiten, an sich oder an einen Dritten in einem g\u00e4ngigen, maschinenlesbaren Format aush\u00e4ndigen zu lassen. Sofern Sie die direkte \u00dcbertragung der Daten an einen anderen Verantwortlichen verlangen, erfolgt dies nur, soweit es technisch machbar ist.<\/p><ol start=\"4\"><li>Datensicherheit<\/li><\/ol><p>SSL- bzw. TLS-Verschl\u00fcsselung<\/p><p>Diese Website nutzt aus Sicherheitsgr\u00fcnden und zum Schutz der \u00dcbertragung vertraulicher Inhalte, wie zum Beispiel Bestellungen oder Anfragen, die Sie an uns als Seitenbetreiber senden, eine SSL- bzw. TLS-Verschl\u00fcsselung. Eine verschl\u00fcsselte Verbindung erkennen Sie daran, dass die Adresszeile des Browsers von \u201ehttp:\/\/\u201c auf \u201ehttps:\/\/\u201c wechselt und an dem Schloss-Symbol in Ihrer Browserzeile.<\/p><p>Wenn die SSL- bzw. TLS-Verschl\u00fcsselung aktiviert ist, k\u00f6nnen die Daten, die Sie an uns \u00fcbermitteln, nicht von Dritten mitgelesen werden.<\/p><ol start=\"5\"><li>\u00c4nderungen dieser Datenschutzerkl\u00e4rung<\/li><\/ol><p>Wir behalten uns vor, diese Datenschutzerkl\u00e4rung anzupassen, damit sie stets den aktuellen rechtlichen Anforderungen entspricht oder um \u00c4nderungen unserer Leistungen in der Datenschutzerkl\u00e4rung umzusetzen, z.B. bei der Einf\u00fchrung neuer Services. F\u00fcr Ihren erneuten Besuch gilt dann die neue Datenschutzerkl\u00e4rung.<\/p><ol start=\"6\"><li>Fragen zum Datenschutz<\/li><\/ol><p>Wenn Sie Fragen zum Datenschutz haben, schreiben Sie uns bitte eine E-Mail oder wenden Sie sich direkt an die f\u00fcr den Datenschutz verantwortliche Person in unserer Organisation:<\/p><p>[Kontaktdaten aus Impressum]<\/p><p>Die vorliegende Datenschutzerkl\u00e4rung wurde mithilfe des Datenschutzerkl\u00e4rungs-Generators von eRecht24 erstellt.<\/p><\/div><\/div>\t\t\t\t\t\t\t\t<\/div>\n\t\t\t\t<\/div>\n\t\t\t\t\t<\/div>\n\t\t\t\t<\/div>\n\t\t\t\t<\/div>\n\t\t","protected":false},"excerpt":{"rendered":"<p>Impressum Angaben gem\u00e4\u00df \u00a7 5 DDG: Firmenname: Kiatos KraftfahrzeugeInhaber: Christos KiatosAdresse: Hafenstra\u00dfe 93, 67547 WormsTelefon: +49 160 7568 084E-Mail: info@kiatos-kraftfahrzeuge.deWebsite: www.kiatos-kraftfahrzeuge.de Umsatzsteuer-Identifikationsnummer: DE 274531802 Verantwortlich f\u00fcr den Inhalt nach \u00a7 55 Abs. 2 RStV:Christos KiatosAdresse wie oben Haftungsausschluss:Trotz sorgf\u00e4ltiger inhaltlicher Kontrolle \u00fcbernehmen wir keine Haftung f\u00fcr die Inhalte externer Links. F\u00fcr den Inhalt der verlinkten [&hellip;]<\/p>\n","protected":false},"author":1,"featured_media":0,"parent":0,"menu_order":0,"comment_status":"closed","ping_status":"closed","template":"elementor_header_footer","meta":{"footnotes":""},"class_list":["post-164","page","type-page","status-publish","hentry"],"yoast_head":"<!-- This site is optimized with the Yoast SEO plugin v24.4 - https:\/\/yoast.com\/wordpress\/plugins\/seo\/ -->\n<title>Impressum - Datenschutz - Kiatos Kraftfahrzeuge<\/title>\n<meta name=\"robots\" content=\"index, follow, max-snippet:-1, max-image-preview:large, max-video-preview:-1\" \/>\n<link rel=\"canonical\" href=\"https:\/\/kiatos-kraftfahrzeuge.de\/index.php\/impressum-datenschutz\/\" \/>\n<meta property=\"og:locale\" content=\"de_DE\" \/>\n<meta property=\"og:type\" content=\"article\" \/>\n<meta property=\"og:title\" content=\"Impressum - Datenschutz - Kiatos Kraftfahrzeuge\" \/>\n<meta property=\"og:description\" content=\"Impressum Angaben gem\u00e4\u00df \u00a7 5 DDG: Firmenname: Kiatos KraftfahrzeugeInhaber: Christos KiatosAdresse: Hafenstra\u00dfe 93, 67547 WormsTelefon: +49 160 7568 084E-Mail: info@kiatos-kraftfahrzeuge.deWebsite: www.kiatos-kraftfahrzeuge.de Umsatzsteuer-Identifikationsnummer: DE 274531802 Verantwortlich f\u00fcr den Inhalt nach \u00a7 55 Abs. 2 RStV:Christos KiatosAdresse wie oben Haftungsausschluss:Trotz sorgf\u00e4ltiger inhaltlicher Kontrolle \u00fcbernehmen wir keine Haftung f\u00fcr die Inhalte externer Links. F\u00fcr den Inhalt der verlinkten [&hellip;]\" \/>\n<meta property=\"og:url\" content=\"https:\/\/kiatos-kraftfahrzeuge.de\/index.php\/impressum-datenschutz\/\" \/>\n<meta property=\"og:site_name\" content=\"Kiatos Kraftfahrzeuge\" \/>\n<meta property=\"article:modified_time\" content=\"2025-09-30T09:12:17+00:00\" \/>\n<meta name=\"twitter:card\" content=\"summary_large_image\" \/>\n<meta name=\"twitter:label1\" content=\"Gesch\u00e4tzte Lesezeit\" \/>\n\t<meta name=\"twitter:data1\" content=\"13\u00a0Minuten\" \/>\n<script type=\"application\/ld+json\" class=\"yoast-schema-graph\">{\"@context\":\"https:\/\/schema.org\",\"@graph\":[{\"@type\":\"WebPage\",\"@id\":\"https:\/\/kiatos-kraftfahrzeuge.de\/index.php\/impressum-datenschutz\/\",\"url\":\"https:\/\/kiatos-kraftfahrzeuge.de\/index.php\/impressum-datenschutz\/\",\"name\":\"Impressum - Datenschutz - Kiatos Kraftfahrzeuge\",\"isPartOf\":{\"@id\":\"https:\/\/kiatos-kraftfahrzeuge.de\/#website\"},\"datePublished\":\"2024-04-04T23:18:36+00:00\",\"dateModified\":\"2025-09-30T09:12:17+00:00\",\"breadcrumb\":{\"@id\":\"https:\/\/kiatos-kraftfahrzeuge.de\/index.php\/impressum-datenschutz\/#breadcrumb\"},\"inLanguage\":\"de\",\"potentialAction\":[{\"@type\":\"ReadAction\",\"target\":[\"https:\/\/kiatos-kraftfahrzeuge.de\/index.php\/impressum-datenschutz\/\"]}]},{\"@type\":\"BreadcrumbList\",\"@id\":\"https:\/\/kiatos-kraftfahrzeuge.de\/index.php\/impressum-datenschutz\/#breadcrumb\",\"itemListElement\":[{\"@type\":\"ListItem\",\"position\":1,\"name\":\"Startseite\",\"item\":\"https:\/\/kiatos-kraftfahrzeuge.de\/\"},{\"@type\":\"ListItem\",\"position\":2,\"name\":\"Impressum &#8211; Datenschutz\"}]},{\"@type\":\"WebSite\",\"@id\":\"https:\/\/kiatos-kraftfahrzeuge.de\/#website\",\"url\":\"https:\/\/kiatos-kraftfahrzeuge.de\/\",\"name\":\"Kiatos Kraftfahrzeuge\",\"description\":\"Kiatos Kraftfahrzeuge GmbH\",\"publisher\":{\"@id\":\"https:\/\/kiatos-kraftfahrzeuge.de\/#organization\"},\"potentialAction\":[{\"@type\":\"SearchAction\",\"target\":{\"@type\":\"EntryPoint\",\"urlTemplate\":\"https:\/\/kiatos-kraftfahrzeuge.de\/?s={search_term_string}\"},\"query-input\":{\"@type\":\"PropertyValueSpecification\",\"valueRequired\":true,\"valueName\":\"search_term_string\"}}],\"inLanguage\":\"de\"},{\"@type\":\"Organization\",\"@id\":\"https:\/\/kiatos-kraftfahrzeuge.de\/#organization\",\"name\":\"Kiatos Kraftfahrzeuge\",\"url\":\"https:\/\/kiatos-kraftfahrzeuge.de\/\",\"logo\":{\"@type\":\"ImageObject\",\"inLanguage\":\"de\",\"@id\":\"https:\/\/kiatos-kraftfahrzeuge.de\/#\/schema\/logo\/image\/\",\"url\":\"https:\/\/kiatos-kraftfahrzeuge.de\/wp-content\/uploads\/2024\/04\/LogoKiatos.png\",\"contentUrl\":\"https:\/\/kiatos-kraftfahrzeuge.de\/wp-content\/uploads\/2024\/04\/LogoKiatos.png\",\"width\":753,\"height\":487,\"caption\":\"Kiatos Kraftfahrzeuge\"},\"image\":{\"@id\":\"https:\/\/kiatos-kraftfahrzeuge.de\/#\/schema\/logo\/image\/\"}}]}<\/script>\n<!-- \/ Yoast SEO plugin. -->","yoast_head_json":{"title":"Impressum - Datenschutz - Kiatos Kraftfahrzeuge","robots":{"index":"index","follow":"follow","max-snippet":"max-snippet:-1","max-image-preview":"max-image-preview:large","max-video-preview":"max-video-preview:-1"},"canonical":"https:\/\/kiatos-kraftfahrzeuge.de\/index.php\/impressum-datenschutz\/","og_locale":"de_DE","og_type":"article","og_title":"Impressum - Datenschutz - Kiatos Kraftfahrzeuge","og_description":"Impressum Angaben gem\u00e4\u00df \u00a7 5 DDG: Firmenname: Kiatos KraftfahrzeugeInhaber: Christos KiatosAdresse: Hafenstra\u00dfe 93, 67547 WormsTelefon: +49 160 7568 084E-Mail: info@kiatos-kraftfahrzeuge.deWebsite: www.kiatos-kraftfahrzeuge.de Umsatzsteuer-Identifikationsnummer: DE 274531802 Verantwortlich f\u00fcr den Inhalt nach \u00a7 55 Abs. 2 RStV:Christos KiatosAdresse wie oben Haftungsausschluss:Trotz sorgf\u00e4ltiger inhaltlicher Kontrolle \u00fcbernehmen wir keine Haftung f\u00fcr die Inhalte externer Links. F\u00fcr den Inhalt der verlinkten [&hellip;]","og_url":"https:\/\/kiatos-kraftfahrzeuge.de\/index.php\/impressum-datenschutz\/","og_site_name":"Kiatos Kraftfahrzeuge","article_modified_time":"2025-09-30T09:12:17+00:00","twitter_card":"summary_large_image","twitter_misc":{"Gesch\u00e4tzte Lesezeit":"13\u00a0Minuten"},"schema":{"@context":"https:\/\/schema.org","@graph":[{"@type":"WebPage","@id":"https:\/\/kiatos-kraftfahrzeuge.de\/index.php\/impressum-datenschutz\/","url":"https:\/\/kiatos-kraftfahrzeuge.de\/index.php\/impressum-datenschutz\/","name":"Impressum - Datenschutz - Kiatos Kraftfahrzeuge","isPartOf":{"@id":"https:\/\/kiatos-kraftfahrzeuge.de\/#website"},"datePublished":"2024-04-04T23:18:36+00:00","dateModified":"2025-09-30T09:12:17+00:00","breadcrumb":{"@id":"https:\/\/kiatos-kraftfahrzeuge.de\/index.php\/impressum-datenschutz\/#breadcrumb"},"inLanguage":"de","potentialAction":[{"@type":"ReadAction","target":["https:\/\/kiatos-kraftfahrzeuge.de\/index.php\/impressum-datenschutz\/"]}]},{"@type":"BreadcrumbList","@id":"https:\/\/kiatos-kraftfahrzeuge.de\/index.php\/impressum-datenschutz\/#breadcrumb","itemListElement":[{"@type":"ListItem","position":1,"name":"Startseite","item":"https:\/\/kiatos-kraftfahrzeuge.de\/"},{"@type":"ListItem","position":2,"name":"Impressum &#8211; Datenschutz"}]},{"@type":"WebSite","@id":"https:\/\/kiatos-kraftfahrzeuge.de\/#website","url":"https:\/\/kiatos-kraftfahrzeuge.de\/","name":"Kiatos Kraftfahrzeuge","description":"Kiatos Kraftfahrzeuge GmbH","publisher":{"@id":"https:\/\/kiatos-kraftfahrzeuge.de\/#organization"},"potentialAction":[{"@type":"SearchAction","target":{"@type":"EntryPoint","urlTemplate":"https:\/\/kiatos-kraftfahrzeuge.de\/?s={search_term_string}"},"query-input":{"@type":"PropertyValueSpecification","valueRequired":true,"valueName":"search_term_string"}}],"inLanguage":"de"},{"@type":"Organization","@id":"https:\/\/kiatos-kraftfahrzeuge.de\/#organization","name":"Kiatos Kraftfahrzeuge","url":"https:\/\/kiatos-kraftfahrzeuge.de\/","logo":{"@type":"ImageObject","inLanguage":"de","@id":"https:\/\/kiatos-kraftfahrzeuge.de\/#\/schema\/logo\/image\/","url":"https:\/\/kiatos-kraftfahrzeuge.de\/wp-content\/uploads\/2024\/04\/LogoKiatos.png","contentUrl":"https:\/\/kiatos-kraftfahrzeuge.de\/wp-content\/uploads\/2024\/04\/LogoKiatos.png","width":753,"height":487,"caption":"Kiatos Kraftfahrzeuge"},"image":{"@id":"https:\/\/kiatos-kraftfahrzeuge.de\/#\/schema\/logo\/image\/"}}]}},"_links":{"self":[{"href":"https:\/\/kiatos-kraftfahrzeuge.de\/index.php\/wp-json\/wp\/v2\/pages\/164","targetHints":{"allow":["GET"]}}],"collection":[{"href":"https:\/\/kiatos-kraftfahrzeuge.de\/index.php\/wp-json\/wp\/v2\/pages"}],"about":[{"href":"https:\/\/kiatos-kraftfahrzeuge.de\/index.php\/wp-json\/wp\/v2\/types\/page"}],"author":[{"embeddable":true,"href":"https:\/\/kiatos-kraftfahrzeuge.de\/index.php\/wp-json\/wp\/v2\/users\/1"}],"replies":[{"embeddable":true,"href":"https:\/\/kiatos-kraftfahrzeuge.de\/index.php\/wp-json\/wp\/v2\/comments?post=164"}],"version-history":[{"count":14,"href":"https:\/\/kiatos-kraftfahrzeuge.de\/index.php\/wp-json\/wp\/v2\/pages\/164\/revisions"}],"predecessor-version":[{"id":461,"href":"https:\/\/kiatos-kraftfahrzeuge.de\/index.php\/wp-json\/wp\/v2\/pages\/164\/revisions\/461"}],"wp:attachment":[{"href":"https:\/\/kiatos-kraftfahrzeuge.de\/index.php\/wp-json\/wp\/v2\/media?parent=164"}],"curies":[{"name":"wp","href":"https:\/\/api.w.org\/{rel}","templated":true}]}}